6*k + 23292. Calculate a(9).
171
Let v(n) = -6847*n + 2102033. Calculate v(307).
4
Let z(i) = -4*i**2 + 370*i - 2977. Calculate z(8).
-273
Let t(a) = 12*a**2 + 3082*a + 46240. Calculate t(-16).
0
Let o(q) = -q**3 - 56*q**2 - 481*q + 1124. Calculate o(-13).
110
Let k(y) = 7*y + 616. Calculate k(-50).
266
Let r(p) = 1133*p + 246904. Give r(-218).
-90
Let b(a) = -92*a**2 + 4791*a - 366. Calculate b(52).
-2
Let c(f) = 2*f**3 + 23*f**2 - 34*f - 126. What is c(-13)?
-191
Let g(f) = 31*f**2 + 1016*f - 5848. Calculate g(5).
7
Let w(o) = 3*o**2 + 610*o - 340. What is w(-204)?
68
Let g(m) = -3275*m + 3349. Give g(1).
74
Let p(a) = a**2 + 236*a + 13240. What is p(-146)?
100
Let o(g) = 556*g + 370850. What is o(-667)?
-2
Let o(q) = -10*q**3 + 5*q**2 + 4874*q - 4880. Calculate o(1).
-11
Let z(u) = 4*u**3 - 48*u**2 + 116*u - 360. What is z(10)?
0
Let l(a) = 26*a**2 - 2553*a - 2553. What is l(-1)?
26
Let i(c) = 392*c - 169743. What is i(433)?
-7
Let y(v) = 3*v**2 + 736*v + 43442. What is y(-98)?
126
Let w(u) = -1639987*u - 1639991. Give w(-1).
-4
Let u(a) = -127*a**2 - 849*a - 3397. Give u(-4).
-2033
Let m(a) = -255*a**2 - 1546*a - 111. Determine m(-6).
-15
Let y(c) = 3234*c - 30250. Determine y(9).
-1144
Let r(w) = 4*w**2 + 762*w - 10927. Give r(14).
525
Let a(p) = 10480*p - 8478325. Determine a(809).
-5
Let u(n) = n**2 + 81903*n - 5. Give u(0).
-5
Let a(c) = -28*c - 812. Give a(-20).
-252
Let f(u) = 1569*u - 39450. Determine f(25).
-225
Let u(q) = 44*q**2 - 11646*q - 3714. Calculate u(265).
-4
Let x(h) = -41*h**2 + 2752*h - 124. Calculate x(67).
211
Let o(b) = 194*b - 20171. Determine o(104).
5
Let v(m) = 78*m**2 + 12482*m + 149. Determine v(-160).
-171
Let c(t) = -3*t**3 + 28*t**2 - 437*t + 1144. What is c(3)?
4
Let d(v) = v**2 - 9552*v - 95620. What is d(-10)?
0
Let a(u) = 1232856*u + 17259976. Determine a(-14).
-8
Let c(r) = 1018*r - 192664. Give c(189).
-262
Let b(i) = -120043*i + 840315. Give b(7).
14
Let y(o) = 6*o**2 - 502*o + 10463. Give y(44).
-9
Let g(f) = 746*f**2 - 303*f - 1. Determine g(-1).
1048
Let q(t) = 44735*t - 313115. Give q(7).
30
Let n(g) = -g**2 + 21246*g + 702210. What is n(-33)?
3
Let x(p) = p**2 + 77*p + 1509. Calculate x(-40).
29
Let a(q) = 1376*q**2 + 1129*q - 269. Calculate a(-1).
-22
Let x(g) = -g**2 + 744*g + 8197. Give x(-11).
-108
Let i(x) = -89746*x + 179488. What is i(2)?
-4
Let s(p) = 4291*p**2 - 17136*p - 9. What is s(4)?
103
Let v(f) = -197*f**2 + 1739*f - 27. Give v(9).
-333
Let t(o) = -o**3 - 7*o**2 - 478*o - 2339. Calculate t(-5).
1
Let n(s) = -215543*s - 3448695. Determine n(-16).
-7
Let s(x) = 153505*x + 2456063. What is s(-16)?
-17
Let r(g) = -g**3 + 61*g**2 - 91*g - 1199. Determine r(59).
394
Let d(x) = 28*x**3 + 756*x**2 - 781*x + 78. Calculate d(-28).
-6
Let v(f) = -80185*f - 3608347. Calculate v(-45).
-22
Let a(v) = -3*v**3 - 20*v**2 + 126*v - 266. Determine a(-11).
-79
Let o(m) = m**3 + 60*m**2 - 68*m + 18. Determine o(0).
18
Let f(z) = 288*z - 4976. Determine f(17).
-80
Let a(w) = 19*w**2 - 647*w + 1037. What is a(33)?
377
Let f(c) = -3*c**3 - 114*c**2 - 21*c + 3338. What is f(-37)?
8
Let j(t) = 3672*t + 47484. What is j(-13)?
-252
Let s(b) = 3*b**2 + 1105*b - 7882. What is s(7)?
0
Let g(v) = 29*v**2 - 2606*v - 22661. What is g(-8)?
43
Let d(v) = -1624*v - 959786. Determine d(-591).
-2
Let p(h) = -3*h**3 - 110*h**2 + 25*h - 376. Give p(-37).
68
Let i(s) = -29073*s + 174429. Determine i(6).
-9
Let m(q) = -351*q**2 + 18248*q - 37. What is m(52)?
-245
Let d(k) = 2181*k - 116555. Give d(53).
-962
Let j(a) = -42018*a**2 - 168079*a + 15. Calculate j(-4).
43
Let i(n) = -36*n**2 - 21039*n - 63110. Give i(-3).
-317
Let r(b) = -29077*b + 174468. What is r(6)?
6
Let z(u) = 4*u**3 - 16*u**2 - 32*u + 47. What is z(1)?
3
Let o(l) = 4*l**3 + 16*l**2 + 19*l - 18. Determine o(-2).
-24
Let u(z) = 3*z**2 - 2569*z + 25397. What is u(10)?
7
Let b(t) = t**3 + 2608*t**2 - 231684*t - 15. What is b(86)?
-15
Let i(g) = -1014234*g - 14199328. Calculate i(-14).
-52
Let k(s) = s**3 + 7*s**2 - 130*s + 8. What is k(13)?
1698
Let u(j) = 1135*j - 8653. Calculate u(6).
-1843
Let x(q) = q**3 - 112*q**2 + 60*q + 17615. Determine x(110).
15
Let o(u) = 2*u**2 - 421*u - 5792. What is o(-13)?
19
Let f(h) = 6*h**3 + 471*h**2 - 758*h - 3035. What is f(-80)?
5
Let w(v) = -3813*v - 755549. What is w(-198)?
-575
Let b(l) = l**2 - 5024*l + 61. Determine b(0).
61
Let a(r) = -34*r + 1237. Determine a(15).
727
Let n(j) = -983*j - 60952. Calculate n(-62).
-6
Let u(p) = -5447*p - 10855. Determine u(-2).
39
Let t(h) = -16165*h + 161665. What is t(10)?
15
Let s(n) = -31*n**3 - 21*n**2 + 33*n + 33. What is s(-3)?
582
Let i(t) = -1784*t**3 + t**2 + 716*t + 716. Give i(-1).
1785
Let y(h) = -5499*h - 21802. Determine y(-4).
194
Let m(a) = 6*a**3 - 781*a**2 + 132*a - 237. Calculate m(130).
23
Let k(g) = -2*g**3 - 52*g**2 - 78*g + 416. What is k(-24)?
-16
Let p(d) = d**2 - 290*d + 8603. Determine p(257).
122
Let b(p) = -3*p**3 - 60*p**2 - 25*p - 337. What is b(-19)?
-945
Let o(s) = -3339*s - 303959. Determine o(-91).
-110
Let n(r) = r**3 - 9*r**2 + 35*r - 172. Give n(6).
-70
Let g(x) = 3980*x - 151350. Determine g(38).
-110
Let c(q) = -11*q**3 + 45*q**2 - 46*q + 415. What is c(5)?
-65
Let l(d) = 2*d**2 + 91*d + 209. Give l(32).
5169
Let f(k) = 2439*k - 4812. Calculate f(2).
66
Let h(p) = 2*p**3 + 446*p**2 + 609*p + 36649. Calculate h(-222).
19
Let w(j) = -j**3 - 163*j**2 + 1585*j - 180. Calculate w(9).
153
Let u(t) = -2*t**3 - 299*t**2 - 141*t + 31. Determine u(-149).
-1161
Let z(d) = -358721*d + 717405. Determine z(2).
-37
Let f(j) = 171*j + 9169. Calculate f(-53).
106
Let q(u) = u**3 + 73*u**2 - 167*u - 26383. What is q(-70)?
7
Let r(i) = -i**3 + 74*i**2 + 572*i - 59634. Give r(70).
6
Let w(n) = 3815*n + 42368. Determine w(-11).
403
Let f(j) = 31*j**2 + 122*j + 15. Determine f(-2).
-105
Let i(s) = 4*s**2 + 766*s - 113475. What is i(98)?
9
Let j(n) = n**3 - 24*n**2 + 63*n + 497. What is j(20)?
157
Let g(n) = -2*n**2 + 297*n - 9101. Determine g(42).
-155
Let r(y) = -26*y**2 - 437*y - 1312. Calculate r(-3).
-235
Let n(a) = a**3 + 922*a**2 - 8364*a + 13940. What is n(-931)?
-25
Let g(r) = 414*r**2 - 27359*r + 2304. Give g(66).
-6
Let y(n) = -n**3 + 22*n**2 + 91*n - 1090. Determine y(24).
-58
Let x(h) = 2*h**3 + 125*h**2 - 1264*h - 4040. Determine x(-71).
7
Let u(a) = -a**2 + 2335*a + 2837402. Calculate u(-882).
8
Let x(u) = 8763*u + 8732. Determine x(-1).
-31
Let d(l) = -38677*l - 3016798. Determine d(-78).
8
Let o(d) = 133*d + 6677. Give o(-50).
27
Let t(r) = -214*r + 440. Determine t(3).
-202
Let k(h) = -567*h + 451. Determine k(1).
-116
Let p(h) = -h**3 - 29*h**2 + 247*h - 226. What is p(-36)?
-46
Let k(g) = 239055*g - 49. Calculate k(0).
-49
Let i(z) = -2477*z + 14847. Calculate i(6).
-15
Let x(j) = 191*j - 54422. Determine x(285).
13
Let p(g) = g**3 - 9*g**2 + 19*g - 15. What is p(4)?
-19
Let p(c) = -2*c**2 + 47328*c + 236691. Give p(-5).
1
Let p(k) = -406*k**2 - 20315*k - 40. Calculate p(-50).
710
Let z(i) = -14846*i + 1677615. Determine z(113).
17
Let i(d) = -d**2 + 937*d - 73169. Determine i(86).
17
Let g(v) = 40*v**2 + 1039*v - 2281. Determine g(-28).
-13
Let x(k) = -5688*k + 33737. Give x(6).
-391
Let j(o) = -o**3 + 265*o**2 - 4449*o - 10. Determine j(18).
-64
Let p(w) = -8*w**3 - 642*w**2 - 135*w + 2021. Calculate p(-80).
21
Let t(k) = 52*k**3 + 624*k**2 + 2*k + 22. Calculate t(-12).
-2
Let x(p) = 285*p - 26867. Determine x(93).
-362
Let f(l) = -1728*l - 257497. What is f(-149)?
-25
Let l(f) = 26563*f + 159410. Calculate l(-6).
32
Let s(o) = -4*o**3 - 16*o**2 - 14*o - 23. Determine s(-7).
663
Let r(t) = -17*t**2 + 1800*t + 10872. Give r(-6).
-540
Let k(c) = -3683*c - 66176. Give k(-18).
118
Let a(f) = 1370*f + 39726. What is a(-29)?
-4
Let y(k) = -5*k**3 - 569*k**2 + 116*k + 235. Calculate y(-114).
7
Let o(w) = 237*w + 36110. Determine o(-150).
560
Let v(y) = 6545*y + 26079. Calculate v(-4).
-101
Let p(c) = -419726*c - 2518343. What is p(-6)?
13
Let f(b) = 49*b**3 + 588*b**2 + 541*b + 6469. Calculate f(-12).
-23
Let g(p) = -p**3 - 8*p**2 + 8*p - 1028. Give g(-13).
-287
Let c(r) = -72*r**3 + 127*r**2 - 11*r - 7. Calculate c(2).
-97
Let d(w) = 823*w**2 - 405736*w - 1454. Determine d(493).
25
Let d(n) = -1340*n + 9806. Give d(7).
426
Let b(a) = -a**3 + 2